{"id":8397,"date":"2024-10-17T15:04:06","date_gmt":"2024-10-17T15:04:06","guid":{"rendered":"https:\/\/lmpetshop.pt\/?post_type=product&#038;p=8397"},"modified":"2024-10-17T15:04:06","modified_gmt":"2024-10-17T15:04:06","slug":"vitapol-smakers-snack-chinchila","status":"publish","type":"product","link":"https:\/\/lmpetshop.pt\/index.php\/product\/vitapol-smakers-snack-chinchila\/","title":{"rendered":"Vitapol Smakers Snack &#8211; Chinchila"},"content":{"rendered":"<p>Embalagem com dois sticks com sabor de c\u00f4co e rosa para chinchila.<\/p>\n<p><strong>Indica\u00e7\u00f5es:<br \/>\n<\/strong>Servir como alimento complementar \u00e1 ra\u00e7\u00e3o base.<\/p>\n","protected":false},"excerpt":{"rendered":"<p>Embalagem com dois sticks com sabor de c\u00f4co e rosa para chinchila. Indica\u00e7\u00f5es: Servir como alimento complementar \u00e1 ra\u00e7\u00e3o base.<\/p>\n","protected":false},"featured_media":8398,"comment_status":"open","ping_status":"closed","template":"","meta":{"om_disable_all_campaigns":false,"inline_featured_image":false,"_monsterinsights_skip_tracking":false,"_monsterinsights_sitenote_active":false,"_monsterinsights_sitenote_note":"","_monsterinsights_sitenote_category":0},"product_cat":[115,118],"product_tag":[],"class_list":["post-8397","product","type-product","status-publish","has-post-thumbnail","hentry","product_cat-roedores","product_cat-snacks-e-suplementos","product_brand-vitapol-passaros"],"_links":{"self":[{"href":"https:\/\/lmpetshop.pt\/index.php\/wp-json\/wp\/v2\/product\/8397"}],"collection":[{"href":"https:\/\/lmpetshop.pt\/index.php\/wp-json\/wp\/v2\/product"}],"about":[{"href":"https:\/\/lmpetshop.pt\/index.php\/wp-json\/wp\/v2\/types\/product"}],"replies":[{"embeddable":true,"href":"https:\/\/lmpetshop.pt\/index.php\/wp-json\/wp\/v2\/comments?post=8397"}],"wp:featuredmedia":[{"embeddable":true,"href":"https:\/\/lmpetshop.pt\/index.php\/wp-json\/wp\/v2\/media\/8398"}],"wp:attachment":[{"href":"https:\/\/lmpetshop.pt\/index.php\/wp-json\/wp\/v2\/media?parent=8397"}],"wp:term":[{"taxonomy":"product_cat","embeddable":true,"href":"https:\/\/lmpetshop.pt\/index.php\/wp-json\/wp\/v2\/product_cat?post=8397"},{"taxonomy":"product_tag","embeddable":true,"href":"https:\/\/lmpetshop.pt\/index.php\/wp-json\/wp\/v2\/product_tag?post=8397"}],"curies":[{"name":"wp","href":"https:\/\/api.w.org\/{rel}","templated":true}]}}