{"id":8334,"date":"2024-10-15T17:30:32","date_gmt":"2024-10-15T17:30:32","guid":{"rendered":"https:\/\/lmpetshop.pt\/?post_type=product&#038;p=8334"},"modified":"2024-10-15T17:30:32","modified_gmt":"2024-10-15T17:30:32","slug":"cama-felt-dd-2","status":"publish","type":"product","link":"https:\/\/lmpetshop.pt\/index.php\/product\/cama-felt-dd-2\/","title":{"rendered":"Cama Felt D&#038;D"},"content":{"rendered":"<p><strong>Cama azul Felt D&amp;D Home Collection em formato de cesta.<\/strong><br \/>\nGra\u00e7as ao seu tamanho \u00e9 adequada tanto para gatos como para c\u00e3es de porte pequeno.<\/p>\n<p><strong>A sua almofada revers\u00edvel com diferentes materiais em cada lado da mesma, adapta-se tanto ao Ver\u00e3o como ao Inverno,\u00a0<\/strong>o que torna esta cama perfeita para todas as alturas do ano.<br \/>\nNela o seu animal sentir-se-\u00e1 fresco nos dias mais quentes e quente e aconchegado nos dias mais frios.<\/p>\n<p>De limpeza f\u00e1cil, pois a sua almofada \u00e9 remov\u00edvel e pode ser lavada \u00e0 m\u00e1quina a 30\u00ba.<\/p>\n<p>Os materiais da cama felt s\u00e3o muito resistentes, o que torna esta cama muito dur\u00e1vel e resistente. As suas pegas tamb\u00e9m permitem um f\u00e1cil transporte da cama, mesmo que o animal esteja a dormir ou a relaxar na mesma. Para al\u00e9m disso, o seu design apelativo torna esta cama um elemento de decora\u00e7\u00e3o que fica bem em qualquer local.<\/p>\n<p>Medidas ; 40X17X35cm<\/p>\n","protected":false},"excerpt":{"rendered":"<p>Cama azul Felt D&amp;D Home Collection em formato de cesta. Gra\u00e7as ao seu tamanho \u00e9 adequada tanto para gatos como para c\u00e3es de porte pequeno. A sua almofada revers\u00edvel com diferentes materiais em cada lado da mesma, adapta-se tanto ao Ver\u00e3o como ao Inverno,\u00a0o que torna esta cama perfeita para todas as alturas do ano. [&hellip;]<\/p>\n","protected":false},"featured_media":8336,"comment_status":"open","ping_status":"closed","template":"","meta":{"om_disable_all_campaigns":false,"inline_featured_image":false,"_monsterinsights_skip_tracking":false,"_monsterinsights_sitenote_active":false,"_monsterinsights_sitenote_note":"","_monsterinsights_sitenote_category":0},"product_cat":[87,111,98,102],"product_tag":[],"class_list":["post-8334","product","type-product","status-publish","has-post-thumbnail","hentry","product_cat-caes","product_cat-camas-e-casas","product_cat-camas-e-mantas-para-caes","product_cat-gatos"],"_links":{"self":[{"href":"https:\/\/lmpetshop.pt\/index.php\/wp-json\/wp\/v2\/product\/8334"}],"collection":[{"href":"https:\/\/lmpetshop.pt\/index.php\/wp-json\/wp\/v2\/product"}],"about":[{"href":"https:\/\/lmpetshop.pt\/index.php\/wp-json\/wp\/v2\/types\/product"}],"replies":[{"embeddable":true,"href":"https:\/\/lmpetshop.pt\/index.php\/wp-json\/wp\/v2\/comments?post=8334"}],"wp:featuredmedia":[{"embeddable":true,"href":"https:\/\/lmpetshop.pt\/index.php\/wp-json\/wp\/v2\/media\/8336"}],"wp:attachment":[{"href":"https:\/\/lmpetshop.pt\/index.php\/wp-json\/wp\/v2\/media?parent=8334"}],"wp:term":[{"taxonomy":"product_cat","embeddable":true,"href":"https:\/\/lmpetshop.pt\/index.php\/wp-json\/wp\/v2\/product_cat?post=8334"},{"taxonomy":"product_tag","embeddable":true,"href":"https:\/\/lmpetshop.pt\/index.php\/wp-json\/wp\/v2\/product_tag?post=8334"}],"curies":[{"name":"wp","href":"https:\/\/api.w.org\/{rel}","templated":true}]}}