{"id":7868,"date":"2023-04-12T14:18:31","date_gmt":"2023-04-12T14:18:31","guid":{"rendered":"https:\/\/lmpetshop.pt\/?post_type=product&#038;p=7868"},"modified":"2026-04-16T08:20:46","modified_gmt":"2026-04-16T08:20:46","slug":"algodao-hamster-dream-nest-25g-digerivel","status":"publish","type":"product","link":"https:\/\/lmpetshop.pt\/index.php\/product\/algodao-hamster-dream-nest-25g-digerivel\/","title":{"rendered":"ALGOD\u00c3O HAMSTER-DREAM NEST 25G DIGERIVEL"},"content":{"rendered":"<p>Natural e totalmente diger\u00edvel<\/p>\n<p>100% de fibras naturais<\/p>\n<p>Macio e confort\u00e1vel<\/p>\n<p>Descri\u00e7\u00e3o:<\/p>\n<p>Um material natural e totalmente diger\u00edvel.<\/p>\n<p>100% de fibras naturais.<\/p>\n<p>Para o m\u00e1ximo conforto do seu hamster.<\/p>\n","protected":false},"excerpt":{"rendered":"<p>Natural e totalmente diger\u00edvel 100% de fibras naturais Macio e confort\u00e1vel Descri\u00e7\u00e3o: Um material natural e totalmente diger\u00edvel. 100% de fibras naturais. Para o m\u00e1ximo conforto do seu hamster.<\/p>\n","protected":false},"featured_media":7870,"comment_status":"open","ping_status":"closed","template":"","meta":{"om_disable_all_campaigns":false,"inline_featured_image":false,"_monsterinsights_skip_tracking":false,"_monsterinsights_sitenote_active":false,"_monsterinsights_sitenote_note":"","_monsterinsights_sitenote_category":0},"product_cat":[122,115],"product_tag":[],"class_list":["post-7868","product","type-product","status-publish","has-post-thumbnail","hentry","product_cat-cuidado-e-higiene","product_cat-roedores"],"_links":{"self":[{"href":"https:\/\/lmpetshop.pt\/index.php\/wp-json\/wp\/v2\/product\/7868"}],"collection":[{"href":"https:\/\/lmpetshop.pt\/index.php\/wp-json\/wp\/v2\/product"}],"about":[{"href":"https:\/\/lmpetshop.pt\/index.php\/wp-json\/wp\/v2\/types\/product"}],"replies":[{"embeddable":true,"href":"https:\/\/lmpetshop.pt\/index.php\/wp-json\/wp\/v2\/comments?post=7868"}],"wp:featuredmedia":[{"embeddable":true,"href":"https:\/\/lmpetshop.pt\/index.php\/wp-json\/wp\/v2\/media\/7870"}],"wp:attachment":[{"href":"https:\/\/lmpetshop.pt\/index.php\/wp-json\/wp\/v2\/media?parent=7868"}],"wp:term":[{"taxonomy":"product_cat","embeddable":true,"href":"https:\/\/lmpetshop.pt\/index.php\/wp-json\/wp\/v2\/product_cat?post=7868"},{"taxonomy":"product_tag","embeddable":true,"href":"https:\/\/lmpetshop.pt\/index.php\/wp-json\/wp\/v2\/product_tag?post=7868"}],"curies":[{"name":"wp","href":"https:\/\/api.w.org\/{rel}","templated":true}]}}